*5/12 + y**3/3 - y**2. Let x = 8579 - 8574. Determine n(x).
2
Let d(i) be the third derivative of 5*i**4/12 + 155*i**3/6 - 4036*i**2. What is d(-15)?
5
Let j(o) be the second derivative of o**4/12 + 7*o**3/6 + 5*o**2 + 16*o. Let y be j(-6). Suppose 20 = y*b - 4. Let g(z) = z**3 - 7*z**2 + 8*z - 6. What is g(b)?
6
Let w be (3 - 36/8)*(-10)/45*-6. Let k(a) = 40*a + 9. Determine k(w).
-71
Let c(i) = -9*i**2 + 28*i + 4. Let m(d) = -2*d**2 + 4*d - 1. Let y(q) = c(q) - 4*m(q). Calculate y(8).
40
Let b(h) = -75 + 7*h + 2*h**2 + 132 - 66. Calculate b(3).
30
Let f(k) = -2*k**2 + 9*k + 15. Suppose -3*o = -5*m + o + 13, 3 = o. Let u be f(m). Suppose 0 = -t - u + 12. Let p(l) = 6*l**2 + 1. Give p(t).
25
Suppose 0 = 5*w + 25, 2*s + 0*w = -3*w - 17. Let l(h) = 16*h**2 + 1625*h - 4. Let v(p) = 14*p**2 + 1950*p - 5. Let q(t) = -6*l(t) + 5*v(t). Calculate q(s).
-27
Suppose 70*p - 10 = 75*p. Let t(o) be the second derivative of 0*o**2 - 1/3*o**3 + 7*o + 1/12*o**4 + 1/10*o**5 + 0. Calculate t(p).
-8
Let n(m) be the third derivative of -m**7/2520 - m**6/80 - m**5/15 + m**2 - 3*m. Let b(r) be the third derivative of n(r). Determine b(-4).
-1
Let a be 3*((-28)/126 - (-844)/18). Suppose 136*x - a*x - 20 = 0. Let r(h) = -5*h - 19. What is r(x)?
6
Let z(d) be the second derivative of -d**4/12 + d**3 + 3*d**2 + d. Let r = 451 - 449. Suppose -2*c = 5*a - 28, c = 3*a - r*c - 21. Determine z(a).
6
Let t be 27 + (560/240)/((-14)/(-24)). Let s(o) = o**3 - 33*o**2 + 60*o + 45. What is s(t)?
-17
Suppose 13*l - 2*l = 44. Let i(h) = h + 4. Let p(s) = s + 5. Suppose -3*m + 12 = -5*r, 5*m = -3*r - 21 + 7. Let c(d) = r*p(d) + 4*i(d). Give c(l).
5
Let v(y) = y**2 - 3*y - 4. Let w be v(3). Suppose 0 = 6*q - 4*q + 6. Let a(t) = -6*t + 5. Let n(g) = -7*g + 7. Let r(x) = q*n(x) + 4*a(x). Calculate r(w).
11
Let b(y) = 33*y - 35. Let c(k) = -k**3 - 25*k**2 - 65*k + 25. Let d be c(-22). What is b(d)?
64
Let n(o) = -14*o + 326. Let i be n(23). Suppose 3*x = i*h - 35, -5 = 2*x + 3*x + 4*h. Let p(v) = v**2 + 5*v + 5. Calculate p(x).
5
Suppose 4*k - 15 = 3*s, 4*s - 5*s - 5 = 0. Let n(d) be the second derivative of -1/6*d**3 + 0 + 3/2*d**2 + 28*d. Determine n(k).
3
Let f(l) = 98*l**2 + 1 + 22865*l - 97*l**2 - 22869*l. Give f(6).
13
Suppose 0 = 3*x - 2*j, -x - 5 = j - 0. Let f(p) = -2*p**2 - 9*p + 3. Let c(a) = 2*a**2 + 7*a - 3. Let u(i) = -4*c(i) - 3*f(i). Determine u(x).
-3
Let k(n) be the third derivative of n**6/40 - 11*n**5/30 + 7*n**4/24 + 8*n**3/3 - 9607*n**2. Determine k(7).
16
Let q(n) = -20*n**2 + 9*n + 15. Let h(i) = 9*i**2 - 3*i - 7. Let o be 630/66 + 4*6/(-44). Let b(x) = o*h(x) + 4*q(x). What is b(-8)?
-11
Let c(s) = 2. Let k(x) = x**3 + 2*x + 2. Let d be k(-1). Let n(i) = -i - 1. Let z(l) = d*n(l) - c(l). What is z(5)?
4
Let z(c) = -2*c + 1. Let b be (-11)/(231/(-1946)) + (-2)/3. Let h = -80 + b. Let w be (-40)/(-6) - 8/h. What is z(w)?
-11
Let v(x) = 5*x**3 + 2*x + 1. Suppose -3*p - p - 3*w = -30, 0 = -3*p + 2*w + 14. Suppose -3*b + 4*j = -1 - 4, 0 = -3*j - p. Determine v(b).
-6
Let n(t) = 2*t - 6. Let o = -2930 - -2934. Give n(o).
2
Suppose -7*u + u - 6 = 0. Let a be 2 + 1 + u/(0 + 1). Let l(b) = 10 + 6*b**2 + 6*b + a*b - 3*b**2 - 4*b**2. Determine l(9).
1
Let i(q) = q**3 + 8*q**2 + 3*q. Suppose -4*v - 2*g = 3*g - 356, -2*v + g + 164 = 0. Let c be (-2)/3*v/(-49)*-7. Give i(c).
-24
Suppose -5*v + 9 = -3*c, -11*c + 7*c + 11 = v. Let y(m) = m**3 - 2*m**2 + 2*m + 3. Determine y(v).
18
Let i = 312 - 328. Let h = 6 + i. Let y(j) = j + 15. Determine y(h).
5
Let b(f) = -11*f**2 - f + 1. Let w(j) = -23*j**2 + 8*j - 20. Let g(m) = 2*b(m) - w(m). Calculate g(12).
46
Let q(i) = -14*i**2 + 27*i + 261. Let r(z) = 8*z**2 - 12*z - 133. Let s(h) = -6*q(h) - 11*r(h). Give s(-4).
-47
Suppose -94 + 99 = r. Suppose -4 = r*k - 3*i, 2*k - 14*i = -12*i. Let y(m) = 5*m + 4. What is y(k)?
-6
Let s(w) = -4*w - 71. Let n(o) = -3*o + 4. Let d(h) = 4*n(h) - s(h). Give d(12).
-9
Let p(t) = -t**2 + 12*t + 2. Let f be p(12). Let n(r) = r**2 - f*r - 62 + 32 + 30 + 2*r**3. Give n(-2).
-8
Let l(b) be the second derivative of -b**5/4 + b**4/12 + 7*b**3/6 - 5*b**2/2 - 1040*b. Determine l(2).
-27
Let k(z) = -9*z - 285. Let g be k(-33). Let p(n) = -n - g*n**2 + 14*n**2 + 6*n**3 + 5*n - 3*n - 1. Calculate p(-2).
-43
Suppose -3*z + h = -21, 6 + 1 = z + 2*h. Let t(a) = -a**3 - 3*a**2 + a + 1. Let s(m) = 3*m**3 + 19*m**2 - 6*m + 4. Let c(q) = -s(q) - 4*t(q). Determine c(z).
6
Let h(t) = t**3 - 10*t**2 - 11*t + 225. Let p be h(7). Let l(z) = z + 21*z**2 + 0*z - 3*z**2 - 1. Calculate l(p).
18
Let a(r) = -4 + 512*r**2 - 24*r - 286*r**2 - 220*r**2. What is a(4)?
-4
Let a(r) = 11*r - 4. Suppose 2*m + 0*m = 8, 0 = 5*t - m - 16. Determine a(t).
40
Suppose -8*l = 98 - 2. Let b(y) = -3 + 130*y**3 - 18*y**2 - 131*y**3 + 6*y**2. What is b(l)?
-3
Let x(b) = -3 - b + 4 - 2. Suppose -3*w - 74 = -4*o - 64, -3*o = -3*w - 9. Calculate x(w).
1
Let a(h) be the third derivative of h**4/24 + 7*h**3/3 - 30*h**2 + 50*h. Let x be ((-1)/2)/(1/16). What is a(x)?
6
Let s(b) be the third derivative of 3*b**2 - 11/24*b**4 + 0*b + 19 + 1/6*b**3. Calculate s(-2).
23
Let k(o) = -164*o - 679. Let r(z) = 247*z + 1020. Let i(u) = -10*k(u) - 7*r(u). Determine i(-4).
6
Let g(b) = -8*b - 2198. Let p(z) = -9*z - 2566. Let m(v) = -7*g(v) + 6*p(v). Suppose 0 = -3*c - 2*y + 3*y + 3, -4*c + 3*y + 9 = 0. What is m(c)?
-10
Let f(h) = -27 - 10*h + 71*h - 64*h. Give f(-4).
-15
Let m(q) be the second derivative of 0 + 0*q**3 + 7/4*q**4 + 1/20*q**5 + 3/2*q**2 - 23*q. Calculate m(-21).
3
Let x(c) = 3*c + 1. Let b(r) = 28*r - 560. Let t(f) = -b(f) + 3*x(f). Determine t(30).
-7
Let o(b) = -b**2 - 5*b + 17. Let j(n) = -16*n + 393. Let m be j(25). What is o(m)?
3
Let u(d) = -2*d**3 - 2*d**2 - 5*d - 10. Let p be u(-4). Let t = p + -107. Let n be t - (62/22 - 26/(-143)). Let y(r) = -r**3 - 4*r**2 + 4*r - 4. Give y(n).
-20
Let r(y) = -y**2 + 148. Let s be r(-12). Let i = 67 + -61. Let w(b) = -1 + 0*b + 5*b - i*b + 4. Determine w(s).
-1
Let x(d) = -d**2 + 3*d - 9. Let c be 182/14 - (-15 + 28). What is x(c)?
-9
Suppose 374 = 19*b - 2*b. Suppose -8*s - 26 = b. Let u(i) = -9*i - 6. Give u(s).
48
Suppose 25 = -g - i, 71 = -5*g - 277*i + 281*i. Let y(u) = 5*u + 45. What is y(g)?
-50
Let m(j) be the third derivative of j**5/30 - j**4/8 - j**2 - 10. Let t(k) = k - 13. Let i be t(10). Let n be -2 - (-16)/(-12)*i. Calculate m(n).
2
Let a(v) = -v**3 - 3*v**2 + 8*v - 6. Let g be a(-5). Let l(z) = 2 + g - 15*z**2 + 8*z**2 + z**3 - z + 9*z**2. What is l(-3)?
0
Let q(y) = -y**2 + y + 15. Let b(d) = 2*d**2 - 2*d - 30. Let h(v) = 2*b(v) + 5*q(v). What is h(4)?
3
Let c = 268 + -268. Suppose c = 2*o - 7*o - 13*o. Let l(k) = k**3 - k**2 - 11. Determine l(o).
-11
Let j = -9 - -2. Let r(l) = -9782*l + 1 + 0*l**2 - l**2 + 5 + 9777*l. Calculate r(j).
-8
Let u = 14 - 11. Suppose c = -0 + u. Let z(n) = -6*n**2 - n - 8*n**2 + 20*n**2 - n**3 - c. Determine z(6).
-9
Let b(d) be the second derivative of d**4/12 + 49*d**3/6 + 135*d**2/2 - 5*d - 178. Determine b(-46).
-3
Let m(a) = 3*a + 15. Let u be m(-4). Suppose 42 = -u*f + 6*f. Suppose -f = 4*l + 6. Let d(v) = -v**2 - 8*v - 2. Give d(l).
13
Let a(o) = o**2 + 2. Let y(d) = -d**3 - 9*d**2 + 5*d - 14. Let b(m) = 2*a(m) + y(m). What is b(-6)?
-76
Let z(b) = b - 159. Let v(q) = q - 103. Let g(h) = -5*v(h) + 3*z(h). What is g(7)?
24
Let d(b) = 11*b**3 - 31*b**2 + 8*b + 9. Let m(y) = -13*y**3 + 36*y**2 - 8*y - 10. Let x(g) = 7*d(g) + 6*m(g). What is x(-3)?
-3
Let o(b) be the third derivative of -b**4/24 - b**3 - b**2. Let u be 390/18 + 5/15. Let g be 20/(-80) + u/(-8). Determine o(g).
-3
Let c(h) = -113508*h + 13*h**2 + 7 - 2 + 113494*h + h**3. Let t be c(-14). Let n(f) = f**3 - 4*f**2 - 4*f - 9. Calculate n(t).
-4
Let v(q) = q**3 + 9*q**2 - 11*q - 9. Let y(m) = 168*m + 2 + 162*m - 338*m - 12. Let r be y(0). Give v(r).
1
Let t(w) be the third derivative of w**5/10 - w**4/24 - 1767*w**2 + 4*w. Let b be (-4)/(-10) + 3/5. Give t(b).
5
Let v(t) = -t + 13. Suppose -4*u + 9*u = x - 9, 2*u = -5*x - 36. Let p be v(x). Suppose 2*z - 16 = 3*b - 1, -b = -3*z + p. Let c(y) = 3*y - 3. Give c(z).
15
Let f(u) = 6 + 4*u - 2*u - 7. Let a be -4*(-3)/6 - -2. Suppose 0 = 2*b + 3*g + 4 + 1, 0 = 4*b + a*g + 8. Determine f(b).
-3
Let g(n) = -16*n - 11. Suppose -51*i = 41*i + 7*i